{"id":396,"date":"2018-07-21T01:46:01","date_gmt":"2018-07-20T23:46:01","guid":{"rendered":"https:\/\/www.efacilite.Fr\/?page_id=396"},"modified":"2026-04-12T17:16:39","modified_gmt":"2026-04-12T15:16:39","slug":"assistance-et-depannage-informatique","status":"publish","type":"page","link":"https:\/\/www.efacilite.fr\/","title":{"rendered":"E.I. E-Facilite en quelques mots"},"content":{"rendered":"\t\t<div data-elementor-type=\"wp-page\" data-elementor-id=\"396\" class=\"elementor elementor-396\">\n\t\t\t\t\t\t<section class=\"elementor-section elementor-top-section elementor-element elementor-element-3e21f36 elementor-section-boxed elementor-section-height-default elementor-section-height-default\" data-id=\"3e21f36\" data-element_type=\"section\" data-e-type=\"section\">\n\t\t\t\t\t\t<div class=\"elementor-container elementor-column-gap-default\">\n\t\t\t\t\t<div class=\"elementor-column elementor-col-100 elementor-top-column elementor-element elementor-element-7637f760\" data-id=\"7637f760\" data-element_type=\"column\" data-e-type=\"column\">\n\t\t\t<div class=\"elementor-widget-wrap elementor-element-populated\">\n\t\t\t\t\t\t<section class=\"elementor-section elementor-inner-section elementor-element elementor-element-3375385 elementor-section-boxed elementor-section-height-default elementor-section-height-default\" data-id=\"3375385\" data-element_type=\"section\" data-e-type=\"section\">\n\t\t\t\t\t\t<div class=\"elementor-container elementor-column-gap-default\">\n\t\t\t\t\t<div class=\"elementor-column elementor-col-50 elementor-inner-column elementor-element elementor-element-e3cf4cc\" data-id=\"e3cf4cc\" data-element_type=\"column\" data-e-type=\"column\">\n\t\t\t<div class=\"elementor-widget-wrap elementor-element-populated\">\n\t\t\t\t\t\t<div class=\"elementor-element elementor-element-be945c9 elementor-widget elementor-widget-counter\" data-id=\"be945c9\" data-element_type=\"widget\" data-e-type=\"widget\" data-widget_type=\"counter.default\">\n\t\t\t\t<div class=\"elementor-widget-container\">\n\t\t\t\t\t\t\t<div class=\"elementor-counter\">\n\t\t\t<div class=\"elementor-counter-title\">Interventions chez les particuliers<\/div>\t\t\t<div class=\"elementor-counter-number-wrapper\">\n\t\t\t\t<span class=\"elementor-counter-number-prefix\"><\/span>\n\t\t\t\t<span class=\"elementor-counter-number\" data-duration=\"2000\" data-to-value=\"1467\" data-from-value=\"0\" data-delimiter=\" \">0<\/span>\n\t\t\t\t<span class=\"elementor-counter-number-suffix\"><\/span>\n\t\t\t<\/div>\n\t\t<\/div>\n\t\t\t\t\t\t<\/div>\n\t\t\t\t<\/div>\n\t\t\t\t\t<\/div>\n\t\t<\/div>\n\t\t\t\t<div class=\"elementor-column elementor-col-50 elementor-inner-column elementor-element elementor-element-44736f2\" data-id=\"44736f2\" data-element_type=\"column\" data-e-type=\"column\">\n\t\t\t<div class=\"elementor-widget-wrap elementor-element-populated\">\n\t\t\t\t\t\t<div class=\"elementor-element elementor-element-e1fb51b elementor-widget elementor-widget-counter\" data-id=\"e1fb51b\" data-element_type=\"widget\" data-e-type=\"widget\" data-widget_type=\"counter.default\">\n\t\t\t\t<div class=\"elementor-widget-container\">\n\t\t\t\t\t\t\t<div class=\"elementor-counter\">\n\t\t\t<div class=\"elementor-counter-title\">Interventions r\u00e9alis\u00e9es en sous traitance<\/div>\t\t\t<div class=\"elementor-counter-number-wrapper\">\n\t\t\t\t<span class=\"elementor-counter-number-prefix\"><\/span>\n\t\t\t\t<span class=\"elementor-counter-number\" data-duration=\"2000\" data-to-value=\"963\" data-from-value=\"0\" data-delimiter=\" \">0<\/span>\n\t\t\t\t<span class=\"elementor-counter-number-suffix\"><\/span>\n\t\t\t<\/div>\n\t\t<\/div>\n\t\t\t\t\t\t<\/div>\n\t\t\t\t<\/div>\n\t\t\t\t\t<\/div>\n\t\t<\/div>\n\t\t\t\t\t<\/div>\n\t\t<\/section>\n\t\t\t\t<section class=\"elementor-section elementor-inner-section elementor-element elementor-element-c08238f elementor-section-boxed elementor-section-height-default elementor-section-height-default\" data-id=\"c08238f\" data-element_type=\"section\" data-e-type=\"section\">\n\t\t\t\t\t\t<div class=\"elementor-container elementor-column-gap-default\">\n\t\t\t\t\t<div class=\"elementor-column elementor-col-100 elementor-inner-column elementor-element elementor-element-cdf9ebb\" data-id=\"cdf9ebb\" data-element_type=\"column\" data-e-type=\"column\">\n\t\t\t<div class=\"elementor-widget-wrap elementor-element-populated\">\n\t\t\t\t\t\t<div class=\"elementor-element elementor-element-b87b9ab elementor-widget-divider--view-line elementor-widget elementor-widget-divider\" data-id=\"b87b9ab\" data-element_type=\"widget\" data-e-type=\"widget\" data-widget_type=\"divider.default\">\n\t\t\t\t<div class=\"elementor-widget-container\">\n\t\t\t\t\t\t\t<div class=\"elementor-divider\">\n\t\t\t<span class=\"elementor-divider-separator\">\n\t\t\t\t\t\t<\/span>\n\t\t<\/div>\n\t\t\t\t\t\t<\/div>\n\t\t\t\t<\/div>\n\t\t\t\t\t<\/div>\n\t\t<\/div>\n\t\t\t\t\t<\/div>\n\t\t<\/section>\n\t\t\t\t<div class=\"elementor-element elementor-element-78f595ad elementor-widget elementor-widget-text-editor\" data-id=\"78f595ad\" data-element_type=\"widget\" data-e-type=\"widget\" data-widget_type=\"text-editor.default\">\n\t\t\t\t<div class=\"elementor-widget-container\">\n\t\t\t\t\t\t\t\t\t<p><span style=\"font-family: arial, helvetica, sans-serif; font-size: 14pt;\">E-Facilite vous propose ses services d\u2019assistance informatique et administrative.<\/span><\/p><p><span style=\"font-family: arial, helvetica, sans-serif; font-size: 14pt;\">Quelques exemples de mes domaines de comp\u00e9tences\u00a0:<\/span><\/p><h3><span style=\"font-family: arial, helvetica, sans-serif; font-size: 14pt;\">ASSISTANCE INFORMATIQUE<\/span><\/h3><ul><li><span style=\"font-family: arial, helvetica, sans-serif; font-size: 14pt;\">Installation et mise en service de votre mat\u00e9riel, connexion \u00e0 Internet<\/span><\/li><li><span style=\"font-family: arial, helvetica, sans-serif; font-size: 14pt;\">Maintenance de votre ordinateur et de vos p\u00e9riph\u00e9riques<\/span><\/li><li><span style=\"font-family: arial, helvetica, sans-serif; font-size: 14pt;\">D\u00e9pannage connexion, logiciel, p\u00e9riph\u00e9rique<\/span><\/li><li><span style=\"font-family: arial, helvetica, sans-serif; font-size: 14pt;\">Initiation \u00e0 l&rsquo;utilisation de votre mat\u00e9riel, vos logiciels et de vos p\u00e9riph\u00e9riques<\/span><\/li><\/ul><h3><span style=\"font-family: arial, helvetica, sans-serif; font-size: 14pt;\">ASSISTANCE ADMINISTRATIVE<\/span><\/h3><ul><li><span style=\"font-family: arial, helvetica, sans-serif; font-size: 14pt;\">Accompagnement dans vos d\u00e9marches en ligne<\/span><\/li><li><span style=\"font-family: arial, helvetica, sans-serif; font-size: 14pt;\">Formalit\u00e9s administratives<\/span><\/li><li><span style=\"font-family: arial, helvetica, sans-serif; font-size: 14pt;\">Archivage de vos documents, sauvegardes num\u00e9riques<\/span><\/li><li><span style=\"font-family: arial, helvetica, sans-serif; font-size: 14pt;\">Assistant personnel<\/span><\/li><\/ul><h4>PRESTATION DE SERVICE<\/h4><ul><li>Remplacement mat\u00e9riel (TPE, caisse, serveur&#8230;)<\/li><li>Mise \u00e0 jour, remasterisation mat\u00e9riel existant&#8230;<\/li><li>D\u00e9ploiement Wifi&#8230;<\/li><li>Test, recettage nouveau logiciel&#8230;<\/li><li>Installation, configuration affichage dynamique<\/li><\/ul><p><span style=\"font-family: arial, helvetica, sans-serif; font-size: 14pt;\">\u00a0E-Facilite se d\u00e9place \u00e0 votre domicile.<\/span><\/p><p><span style=\"font-size: 14pt; font-family: arial, helvetica, sans-serif;\">Devis gratuit &#8211; Ch\u00e8que Emploi Service Universel accept\u00e9<\/span><\/p><p><span style=\"font-family: arial, helvetica, sans-serif;\">N&rsquo;h\u00e9sitez pas me <a title=\"Contact\" href=\"http:\/\/www.efacilite.fr\/contact\/\">contacter<\/a> pour plus de renseignements<\/span><\/p><h6><span style=\"font-size: 10pt;\"><strong>N.B : Ce site en est \u00e0 ses d\u00e9buts et ne cesse d&rsquo;\u00e9voluer, alors n&rsquo;h\u00e9sitez pas \u00e0 revenir pour en savoir plus<\/strong><\/span><\/h6>\t\t\t\t\t\t\t\t<\/div>\n\t\t\t\t<\/div>\n\t\t\t\t\t<\/div>\n\t\t<\/div>\n\t\t\t\t\t<\/div>\n\t\t<\/section>\n\t\t\t\t<\/div>\n\t\t","protected":false},"excerpt":{"rendered":"<p>Interventions chez les particuliers 0 Interventions r\u00e9alis\u00e9es en sous traitance 0 E-Facilite vous propose ses services d\u2019assistance informatique et administrative. Quelques exemples de mes domaines&hellip;<\/p>\n","protected":false},"author":1,"featured_media":0,"parent":0,"menu_order":0,"comment_status":"closed","ping_status":"closed","template":"","meta":{"_exactmetrics_skip_tracking":false,"_exactmetrics_sitenote_active":false,"_exactmetrics_sitenote_note":"","_exactmetrics_sitenote_category":0,"footnotes":""},"class_list":["post-396","page","type-page","status-publish","hentry"],"yoast_head":"<!-- This site is optimized with the Yoast SEO plugin v27.3 - https:\/\/yoast.com\/product\/yoast-seo-wordpress\/ -->\n<title>E.I. E-Facilite en quelques mots &#060; E-Facilite<\/title>\n<meta name=\"description\" content=\"E-Facilite vous propose ses services d\u2019assistance informatique et administrative.Quelques exemples de mes domaines de comp\u00e9tences :ASSISTANCE INFORMATIQUE- Installation et mise en service de votre mat\u00e9riel, connexion \u00e0 Internet- Maintenance de votre ordinateur et de vos p\u00e9riph\u00e9riques- D\u00e9pannage connexion, logiciel, p\u00e9riph\u00e9rique- Initiation \u00e0 l&#039;utilisation de votre mat\u00e9riel, vos logiciels et de vos p\u00e9riph\u00e9riquesASSISTANCE ADMINISTRATIVE- Accompagnement dans vos d\u00e9marches en ligne- Formalit\u00e9s administratives- Archivage de vos documents, sauvegardes num\u00e9riques- Assistant personnel E-Facilite se d\u00e9place \u00e0 votre domicile.\" \/>\n<meta name=\"robots\" content=\"index, follow, max-snippet:-1, max-image-preview:large, max-video-preview:-1\" \/>\n<link rel=\"canonical\" href=\"https:\/\/www.efacilite.fr\/\" \/>\n<meta property=\"og:locale\" content=\"fr_FR\" \/>\n<meta property=\"og:type\" content=\"article\" \/>\n<meta property=\"og:title\" content=\"E.I. E-Facilite en quelques mots &#060; E-Facilite\" \/>\n<meta property=\"og:description\" content=\"E-Facilite vous propose ses services d\u2019assistance informatique et administrative.Quelques exemples de mes domaines de comp\u00e9tences :ASSISTANCE INFORMATIQUE- Installation et mise en service de votre mat\u00e9riel, connexion \u00e0 Internet- Maintenance de votre ordinateur et de vos p\u00e9riph\u00e9riques- D\u00e9pannage connexion, logiciel, p\u00e9riph\u00e9rique- Initiation \u00e0 l&#039;utilisation de votre mat\u00e9riel, vos logiciels et de vos p\u00e9riph\u00e9riquesASSISTANCE ADMINISTRATIVE- Accompagnement dans vos d\u00e9marches en ligne- Formalit\u00e9s administratives- Archivage de vos documents, sauvegardes num\u00e9riques- Assistant personnel E-Facilite se d\u00e9place \u00e0 votre domicile.\" \/>\n<meta property=\"og:url\" content=\"https:\/\/www.efacilite.fr\/\" \/>\n<meta property=\"og:site_name\" content=\"E-Facilite\" \/>\n<meta property=\"article:publisher\" content=\"https:\/\/www.facebook.com\/Efacilite\" \/>\n<meta property=\"article:modified_time\" content=\"2026-04-12T15:16:39+00:00\" \/>\n<meta name=\"twitter:card\" content=\"summary_large_image\" \/>\n<meta name=\"twitter:site\" content=\"@EFacilite\" \/>\n<meta name=\"twitter:label1\" content=\"Dur\u00e9e de lecture estim\u00e9e\" \/>\n\t<meta name=\"twitter:data1\" content=\"1 minute\" \/>\n<script type=\"application\/ld+json\" class=\"yoast-schema-graph\">{\"@context\":\"https:\\\/\\\/schema.org\",\"@graph\":[{\"@type\":\"WebPage\",\"@id\":\"https:\\\/\\\/www.efacilite.fr\\\/\",\"url\":\"https:\\\/\\\/www.efacilite.fr\\\/\",\"name\":\"E.I. E-Facilite en quelques mots &#060; E-Facilite\",\"isPartOf\":{\"@id\":\"https:\\\/\\\/www.efacilite.fr\\\/#website\"},\"datePublished\":\"2018-07-20T23:46:01+00:00\",\"dateModified\":\"2026-04-12T15:16:39+00:00\",\"description\":\"E-Facilite vous propose ses services d\u2019assistance informatique et administrative.Quelques exemples de mes domaines de comp\u00e9tences :ASSISTANCE INFORMATIQUE- Installation et mise en service de votre mat\u00e9riel, connexion \u00e0 Internet- Maintenance de votre ordinateur et de vos p\u00e9riph\u00e9riques- D\u00e9pannage connexion, logiciel, p\u00e9riph\u00e9rique- Initiation \u00e0 l'utilisation de votre mat\u00e9riel, vos logiciels et de vos p\u00e9riph\u00e9riquesASSISTANCE ADMINISTRATIVE- Accompagnement dans vos d\u00e9marches en ligne- Formalit\u00e9s administratives- Archivage de vos documents, sauvegardes num\u00e9riques- Assistant personnel E-Facilite se d\u00e9place \u00e0 votre domicile.\",\"breadcrumb\":{\"@id\":\"https:\\\/\\\/www.efacilite.fr\\\/#breadcrumb\"},\"inLanguage\":\"fr-FR\",\"potentialAction\":[{\"@type\":\"ReadAction\",\"target\":[\"https:\\\/\\\/www.efacilite.fr\\\/\"]}]},{\"@type\":\"BreadcrumbList\",\"@id\":\"https:\\\/\\\/www.efacilite.fr\\\/#breadcrumb\",\"itemListElement\":[{\"@type\":\"ListItem\",\"position\":1,\"name\":\"Accueil\",\"item\":\"https:\\\/\\\/www.efacilite.fr\\\/\"},{\"@type\":\"ListItem\",\"position\":2,\"name\":\"E.I. E-Facilite en quelques mots\"}]},{\"@type\":\"WebSite\",\"@id\":\"https:\\\/\\\/www.efacilite.fr\\\/#website\",\"url\":\"https:\\\/\\\/www.efacilite.fr\\\/\",\"name\":\"E-Facilite\",\"description\":\"VOTRE SOLUTION INFORMATIQUE ET ADMINISTRATIVE\",\"publisher\":{\"@id\":\"https:\\\/\\\/www.efacilite.fr\\\/#\\\/schema\\\/person\\\/3df77330768605025919bb5a47f4e316\"},\"potentialAction\":[{\"@type\":\"SearchAction\",\"target\":{\"@type\":\"EntryPoint\",\"urlTemplate\":\"https:\\\/\\\/www.efacilite.fr\\\/?s={search_term_string}\"},\"query-input\":{\"@type\":\"PropertyValueSpecification\",\"valueRequired\":true,\"valueName\":\"search_term_string\"}}],\"inLanguage\":\"fr-FR\"},{\"@type\":[\"Person\",\"Organization\"],\"@id\":\"https:\\\/\\\/www.efacilite.fr\\\/#\\\/schema\\\/person\\\/3df77330768605025919bb5a47f4e316\",\"name\":\"E-Facilite\",\"image\":{\"@type\":\"ImageObject\",\"inLanguage\":\"fr-FR\",\"@id\":\"https:\\/\\/www.efacilite.fr\\/wp-content\\/uploads\\/2018\\/07\\/cropped-400dpiLogoCropped-e1532098972297.png\",\"url\":\"https:\\/\\/www.efacilite.fr\\/wp-content\\/uploads\\/2018\\/07\\/cropped-400dpiLogoCropped-e1532098972297.png\",\"contentUrl\":\"https:\\/\\/www.efacilite.fr\\/wp-content\\/uploads\\/2018\\/07\\/cropped-400dpiLogoCropped-e1532098972297.png\",\"width\":250,\"height\":250,\"caption\":\"E-Facilite\"},\"logo\":{\"@id\":\"https:\\/\\/www.efacilite.fr\\/wp-content\\/uploads\\/2018\\/07\\/cropped-400dpiLogoCropped-e1532098972297.png\"},\"sameAs\":[\"https:\\\/\\\/www.facebook.com\\\/Efacilite\",\"https:\\\/\\\/www.instagram.com\\\/efacilite86\\\/?hl=fr\",\"https:\\\/\\\/www.linkedin.com\\\/in\\\/eric-holtzmann-259062137\\\/\",\"https:\\\/\\\/x.com\\\/https:\\\/\\\/twitter.com\\\/EFacilite\"]}]}<\/script>\n<!-- \/ Yoast SEO plugin. -->","yoast_head_json":{"title":"E.I. E-Facilite en quelques mots &#060; E-Facilite","description":"E-Facilite vous propose ses services d\u2019assistance informatique et administrative.Quelques exemples de mes domaines de comp\u00e9tences :ASSISTANCE INFORMATIQUE- Installation et mise en service de votre mat\u00e9riel, connexion \u00e0 Internet- Maintenance de votre ordinateur et de vos p\u00e9riph\u00e9riques- D\u00e9pannage connexion, logiciel, p\u00e9riph\u00e9rique- Initiation \u00e0 l'utilisation de votre mat\u00e9riel, vos logiciels et de vos p\u00e9riph\u00e9riquesASSISTANCE ADMINISTRATIVE- Accompagnement dans vos d\u00e9marches en ligne- Formalit\u00e9s administratives- Archivage de vos documents, sauvegardes num\u00e9riques- Assistant personnel E-Facilite se d\u00e9place \u00e0 votre domicile.","robots":{"index":"index","follow":"follow","max-snippet":"max-snippet:-1","max-image-preview":"max-image-preview:large","max-video-preview":"max-video-preview:-1"},"canonical":"https:\/\/www.efacilite.fr\/","og_locale":"fr_FR","og_type":"article","og_title":"E.I. E-Facilite en quelques mots &#060; E-Facilite","og_description":"E-Facilite vous propose ses services d\u2019assistance informatique et administrative.Quelques exemples de mes domaines de comp\u00e9tences :ASSISTANCE INFORMATIQUE- Installation et mise en service de votre mat\u00e9riel, connexion \u00e0 Internet- Maintenance de votre ordinateur et de vos p\u00e9riph\u00e9riques- D\u00e9pannage connexion, logiciel, p\u00e9riph\u00e9rique- Initiation \u00e0 l'utilisation de votre mat\u00e9riel, vos logiciels et de vos p\u00e9riph\u00e9riquesASSISTANCE ADMINISTRATIVE- Accompagnement dans vos d\u00e9marches en ligne- Formalit\u00e9s administratives- Archivage de vos documents, sauvegardes num\u00e9riques- Assistant personnel E-Facilite se d\u00e9place \u00e0 votre domicile.","og_url":"https:\/\/www.efacilite.fr\/","og_site_name":"E-Facilite","article_publisher":"https:\/\/www.facebook.com\/Efacilite","article_modified_time":"2026-04-12T15:16:39+00:00","twitter_card":"summary_large_image","twitter_site":"@EFacilite","twitter_misc":{"Dur\u00e9e de lecture estim\u00e9e":"1 minute"},"schema":{"@context":"https:\/\/schema.org","@graph":[{"@type":"WebPage","@id":"https:\/\/www.efacilite.fr\/","url":"https:\/\/www.efacilite.fr\/","name":"E.I. E-Facilite en quelques mots &#060; E-Facilite","isPartOf":{"@id":"https:\/\/www.efacilite.fr\/#website"},"datePublished":"2018-07-20T23:46:01+00:00","dateModified":"2026-04-12T15:16:39+00:00","description":"E-Facilite vous propose ses services d\u2019assistance informatique et administrative.Quelques exemples de mes domaines de comp\u00e9tences :ASSISTANCE INFORMATIQUE- Installation et mise en service de votre mat\u00e9riel, connexion \u00e0 Internet- Maintenance de votre ordinateur et de vos p\u00e9riph\u00e9riques- D\u00e9pannage connexion, logiciel, p\u00e9riph\u00e9rique- Initiation \u00e0 l'utilisation de votre mat\u00e9riel, vos logiciels et de vos p\u00e9riph\u00e9riquesASSISTANCE ADMINISTRATIVE- Accompagnement dans vos d\u00e9marches en ligne- Formalit\u00e9s administratives- Archivage de vos documents, sauvegardes num\u00e9riques- Assistant personnel E-Facilite se d\u00e9place \u00e0 votre domicile.","breadcrumb":{"@id":"https:\/\/www.efacilite.fr\/#breadcrumb"},"inLanguage":"fr-FR","potentialAction":[{"@type":"ReadAction","target":["https:\/\/www.efacilite.fr\/"]}]},{"@type":"BreadcrumbList","@id":"https:\/\/www.efacilite.fr\/#breadcrumb","itemListElement":[{"@type":"ListItem","position":1,"name":"Accueil","item":"https:\/\/www.efacilite.fr\/"},{"@type":"ListItem","position":2,"name":"E.I. E-Facilite en quelques mots"}]},{"@type":"WebSite","@id":"https:\/\/www.efacilite.fr\/#website","url":"https:\/\/www.efacilite.fr\/","name":"E-Facilite","description":"VOTRE SOLUTION INFORMATIQUE ET ADMINISTRATIVE","publisher":{"@id":"https:\/\/www.efacilite.fr\/#\/schema\/person\/3df77330768605025919bb5a47f4e316"},"potentialAction":[{"@type":"SearchAction","target":{"@type":"EntryPoint","urlTemplate":"https:\/\/www.efacilite.fr\/?s={search_term_string}"},"query-input":{"@type":"PropertyValueSpecification","valueRequired":true,"valueName":"search_term_string"}}],"inLanguage":"fr-FR"},{"@type":["Person","Organization"],"@id":"https:\/\/www.efacilite.fr\/#\/schema\/person\/3df77330768605025919bb5a47f4e316","name":"E-Facilite","image":{"@type":"ImageObject","inLanguage":"fr-FR","@id":"https:\/\/mlrmtvkumial.i.optimole.com\/w:auto\/h:auto\/q:mauto\/f:best\/https:\/\/www.efacilite.fr\/wp-content\/uploads\/2018\/07\/cropped-400dpiLogoCropped-e1532098972297.png","url":"https:\/\/mlrmtvkumial.i.optimole.com\/w:auto\/h:auto\/q:mauto\/f:best\/https:\/\/www.efacilite.fr\/wp-content\/uploads\/2018\/07\/cropped-400dpiLogoCropped-e1532098972297.png","contentUrl":"https:\/\/mlrmtvkumial.i.optimole.com\/w:auto\/h:auto\/q:mauto\/f:best\/https:\/\/www.efacilite.fr\/wp-content\/uploads\/2018\/07\/cropped-400dpiLogoCropped-e1532098972297.png","width":250,"height":250,"caption":"E-Facilite"},"logo":{"@id":"https:\/\/mlrmtvkumial.i.optimole.com\/w:auto\/h:auto\/q:mauto\/f:best\/https:\/\/www.efacilite.fr\/wp-content\/uploads\/2018\/07\/cropped-400dpiLogoCropped-e1532098972297.png"},"sameAs":["https:\/\/www.facebook.com\/Efacilite","https:\/\/www.instagram.com\/efacilite86\/?hl=fr","https:\/\/www.linkedin.com\/in\/eric-holtzmann-259062137\/","https:\/\/x.com\/https:\/\/twitter.com\/EFacilite"]}]}},"_links":{"self":[{"href":"https:\/\/www.efacilite.fr\/index.php?rest_route=\/wp\/v2\/pages\/396","targetHints":{"allow":["GET"]}}],"collection":[{"href":"https:\/\/www.efacilite.fr\/index.php?rest_route=\/wp\/v2\/pages"}],"about":[{"href":"https:\/\/www.efacilite.fr\/index.php?rest_route=\/wp\/v2\/types\/page"}],"author":[{"embeddable":true,"href":"https:\/\/www.efacilite.fr\/index.php?rest_route=\/wp\/v2\/users\/1"}],"replies":[{"embeddable":true,"href":"https:\/\/www.efacilite.fr\/index.php?rest_route=%2Fwp%2Fv2%2Fcomments&post=396"}],"version-history":[{"count":444,"href":"https:\/\/www.efacilite.fr\/index.php?rest_route=\/wp\/v2\/pages\/396\/revisions"}],"predecessor-version":[{"id":3444,"href":"https:\/\/www.efacilite.fr\/index.php?rest_route=\/wp\/v2\/pages\/396\/revisions\/3444"}],"wp:attachment":[{"href":"https:\/\/www.efacilite.fr\/index.php?rest_route=%2Fwp%2Fv2%2Fmedia&parent=396"}],"curies":[{"name":"wp","href":"https:\/\/api.w.org\/{rel}","templated":true}]}}